he prime factors of (-142)/(-8) + (-1)/(-4)?
2, 3
Let i be -29*2/(-2)*1. Suppose 3 = j + 3*p, 3*j - 2 = 2*p + i. What are the prime factors of j?
3
What are the prime factors of (18/(-15))/(2/(-705))?
3, 47
Let m(i) = -i**2 - 2 - i + 2*i**2 + 16*i**2. List the prime factors of m(-1).
2
Suppose 0 = -5*t + 47 + 38. List the prime factors of t.
17
Suppose k - 188 = p, 0*k = -5*k - 3*p + 972. What are the prime factors of k?
2, 3
Let r be (-3)/6 + (-18)/(-4). Suppose 2*v = r*v - 12. List the prime factors of v.
2, 3
Let c = -38 + 56. Let u be 58/c + 2/(-9). Suppose u*t + 2*l = 14, 4*t - 7 = 5*t + 3*l. What are the prime factors of t?
2
Suppose 3*l = -0*d - 5*d + 60, -40 = -2*l - 5*d. List the prime factors of l.
2, 5
Let b = -5 - -3. Suppose -2*w + 120 = -5*k + 2*w, k + 5*w + 24 = 0. What are the prime factors of (-2)/((-2)/k*b)?
2, 3
Let t = -69 - -220. List the prime factors of t.
151
Suppose -3*w - 90 - 42 = 0. List the prime factors of (-1 - w) + 8/(-2).
3, 13
Suppose -5*w + 215 = 5*u, -2*u = -2*w - 3*u + 88. List the prime factors of w.
3, 5
Let r = 8 + 4. List the prime factors of r.
2, 3
Suppose 32 = -5*l + 87. Suppose -d = -l + 1. Suppose 3*u + 4 = d. List the prime factors of u.
2
Suppose 214 = 4*w + 18. List the prime factors of w.
7
Let q(l) = 22*l**2 - 2*l + 1. Let z be q(1). Suppose -r = -4*r + z. List the prime factors of r.
7
Let p = -6 - -3. Let k(l) = l**3 + 10*l**2 - 10*l + 14. Let m be k(-11). What are the prime factors of (-1)/p - (-29)/m?
2, 5
Let t(a) = -7*a + 1. Let w(k) = 15*k - 2. Let y(f) = 13*t(f) + 6*w(f). Let z be y(4). Let m = 7 - z. What are the prime factors of m?
2, 5
Suppose 5*b + f = 4*f - 22, b = 5*f - 22. Suppose 0 = 4*g - 16, -d + 16 = g + 5. Let j = b + d. What are the prime factors of j?
5
Suppose 0 = -8*b + 3*b + 420. Suppose 0 = 5*m - 7*m + b. What are the prime factors of m?
2, 3, 7
Suppose 3*v - 6*v + 12 = 0. Suppose -2*u - 4*i = 2*u - 20, 0 = -u - v*i - 10. List the prime factors of u.
2, 5
Let i(c) = -c**3 - 7*c**2 - 9*c - 6. Let x be i(-6). Suppose 3*b - 1 + 3 = -5*p, x = -b + 4*p. What are the prime factors of ((-18)/b + -2)*2?
5
Let x = -16 + 4. List the prime factors of (94/(-4))/(6/x).
47
Let q be (-3)/(-12) + 27/4. Suppose 3*d + q - 16 = 0. Suppose -d*c + 21 = -0*c. List the prime factors of c.
7
Let y(h) = h**2 - 8*h - 4. Let l be y(7). Let g = -15 + 33. Let b = l + g. List the prime factors of b.
7
Suppose -6*n + 56 = -2*n. What are the prime factors of n?
2, 7
Let j(o) = 0*o - 6*o - 10*o. What are the prime factors of j(-1)?
2
Let c = -22 + 69. List the prime factors of c.
47
List the prime factors of (7 + (-1188)/(-20))/((-4)/(-10)).
2, 83
Suppose -j - 4*m + 52 = 0, -4*j = -5*m - 0*m - 208. What are the prime factors of j?
2, 13
Suppose 0 = 5*g - 5*f, -2*g + g + 3*f - 10 = 0. Suppose 3*x + 0*x - g*j = 125, 5*x = 3*j + 219. What are the prime factors of x?
3, 5
Let v = 15 - 12. What are the prime factors of v?
3
Let z = 888 - 590. List the prime factors of z.
2, 149
Let k(h) = 2*h. Suppose -3*a = 2*c - a - 4, 3*c - a - 6 = 0. Let o be k(c). List the prime factors of o/(-14) + (-51)/(-7).
7
Let t = 88 - -11. What are the prime factors of t?
3, 11
Suppose 0 = -2*v + 46 - 10. What are the prime factors of v?
2, 3
Suppose 0*i + 6*i + 108 = 0. Let m = 15 - -15. Let f = i + m. List the prime factors of f.
2, 3
Let k(s) = 4*s**2 + 9*s + 7. What are the prime factors of k(-7)?
2, 5, 7
Suppose 4*g - q = -3*q + 10, q + 5 = 0. Let c(h) = 52*h - 1. Let x be c(g). What are the prime factors of (-1)/3 - x/(-21)?
2, 3
Let x be (-3 - 25)/(4/(-10)). Suppose -2*q + x = 22. What are the prime factors of q?
2, 3
Let j(t) = 2*t - 1. Let u be j(-6). Let g = u + -11. What are the prime factors of (-1)/4 - 150/g?
2, 3
Suppose 121 = 3*x - 2*k, -2*k + 3 = 1. List the prime factors of x.
41
Let n = 225 + -87. What are the prime factors of n?
2, 3, 23
Let k(m) be the first derivative of -m**3/3 - m**2 + 2. Let l be k(-2). Suppose l*x - 3*x + 33 = 0. List the prime factors of x.
11
Let p be 2 - (1 - 0 - 1). Suppose p*v + 5*i = 53, -v = 3*v + i - 79. Suppose 0 = 5*j - 11 - v. List the prime factors of j.
2, 3
Let q(i) = 13*i + 1. Let c be q(-2). Let h = c + 9. Let v = 26 + h. List the prime factors of v.
2, 5
Let i be 1 + (2 - (1 - -2)). Suppose 4*s + d = 69, -4*s + s - 5*d + 56 = i. List the prime factors of s.
17
Suppose -4*b + 15 - 5 = 5*h, -2*b + h = -12. Suppose 3*n = -5*t - 22, -3*n - 6 = n - b*t. What are the prime factors of (11/(-2))/(2/n)?
11
Let s(o) = o**2 - 8*o + 6. Suppose 5*z = 3*z + 16. Let b be s(z). What are the prime factors of 63/b + 3/2?
2, 3
Let z be 1 + -12 + (-4 - -8). Let m(p) = 8*p**2 + 0*p + 3 + 6*p + p**3 + 0. List the prime factors of m(z).
2, 5
Let v = 0 - 4. Let x = 6 + v. What are the prime factors of x?
2
Suppose -3*y + 91 = -r, 5*r + 16 = y - 5. What are the prime factors of y?
31
What are the prime factors of 11 + -7 - (1 + -125)?
2
What are the prime factors of 238/8 + (-2)/(-8)?
2, 3, 5
Suppose -74 - 56 = 5*z. Let l be 12/(-6) - (-30)/(-2). Let w = l - z. List the prime factors of w.
3
Let a(m) = 18*m + 2 - 1 - 4*m. What are the prime factors of a(1)?
3, 5
Suppose 2*r = 7*r. Suppose -3*z = -r*n - 2*n + 28, 3*n - 2*z = 32. What are the prime factors of n?
2
Let q = 3 - 3. Suppose g - 4*g + 111 = q. List the prime factors of g.
37
Let g = 82 - 44. Suppose 2*b - 4*n + 2*n = g, -83 = -5*b + n. List the prime factors of b.
2
Suppose -5*t + 8*t = -18. Let w be 7/(-3) - (-4)/t. What are the prime factors of -2*(w + 3 - 3)?
2, 3
List the prime factors of (-77)/(-21) - 2/(-6).
2
Suppose 5*o = 4*i + 24 + 2, 0 = 5*o + 5*i + 10. Suppose -4 = -3*d + o. What are the prime factors of d?
2
Let s be (1 - (-4)/(-6))*6. Let m(l) = 3*l**s - 9 + 9. What are the prime factors of m(2)?
2, 3
Let h = 234 + -94. What are the prime factors of h?
2, 5, 7
Let q = 5 + 1. Suppose -3*w + x - 5 = -72, -2*w - x + 38 = 0. What are the prime factors of (-150)/(-14) + q/w?
11
Suppose -3*f = 2*b - 8*f - 14, -7 = -b + 4*f. Let m = b + -2. Suppose -3*g - 12 = -m*g. What are the prime factors of g?
2, 3
Suppose -2*j = 3*u - 45, 0 = 4*j + 2*u - 81 + 3. List the prime factors of j.
2, 3
Let a = 9 - 6. List the prime factors of a.
3
Let w be ((-4)/(-6))/((-4)/(-30)). Let m = -2 + w. Suppose 2*g - m*g + 16 = -5*u, -5*g = -u - 32. List the prime factors of g.
2, 3
Let s(i) = 2*i**3 - i**2 + 2*i - 3. Let v be s(2). Suppose 0 = -5*p + v + 27. List the prime factors of p.
2
Suppose y - x - 4 = 0, -2*y - 4*x + 9 = -7*x. Let i(k) = -3*k - 1. Let q be i(y). List the prime factors of 1/(-5) + (-62)/q.
2, 3
Let w = 8 + -5. Suppose -3*z = -z - 5*y - 43, -w*z - 3*y + 75 = 0. What are the prime factors of z?
2, 3
Let b be -1*1*(-4 - -1). Suppose -2*g - 20 = -b*g. Suppose 0 = -j - 6 + g. What are the prime factors of j?
2, 7
Suppose -100 = -3*g + 74. What are the prime factors of g?
2, 29
Suppose 2*y + 4 = 66. List the prime factors of y.
31
What are the prime factors of (6 - -6)*19/2?
2, 3, 19
Let p(g) = 7*g + 4. Let c be p(-4). Let s = c + 37. List the prime factors of s.
13
Let v(b) = b + 2. Let h be v(-2). Suppose -8 + h = -4*o, 0 = -w - 4*o + 13. List the prime factors of w.
5
Let x(d) = 17*d**2 + 4*d + 2. Let f be x(-2). Suppose -o + 0*o + 24 = 0. Suppose f = 5*k - 5*s + 3*s, -s - o = -2*k. List the prime factors of k.
2, 7
Let w be 21/(-6) - 1/(-2). What are the prime factors of 4/(w + -1) + 12?
11
Let c = 3 + 8. What are the prime factors of c?
11
Let z(m) = -5*m - 1. Let x(g) = 2*g. Let b(f) = 8*x(f) + 3*z(f). List the prime factors of b(8).
5
Let q be 50/(-18) - 4/18. Let r be 1 - (-108)/(q/(-1)). Suppose -5*b + r = -3*m, -2*b - m + 14 = -3*m. List the prime factors of b.
2
Suppose 3*t + 13 = a - 60, -5*t = 4*a + 116. Let v = -34 - t. Let z = 21 + v. List the prime factors of z.
11
Suppose -g + 5*s + 5 = 2*s, 4*g + 5*s = 3. Suppose -2 - g = -2*r. Let l = r - -1. List the prime factors of l.
3
Suppose 3*q = 181 + 62. What are the prime factors of q?
3
Let d = 101 + -63. List the prime factors of d.
2, 19
Let s be -4*(1 + -2) - -1. Suppose -s*o + 91 = -4*g, 3*o + o = g + 64. List the prime factors of o.
3, 5
What are the prime factors of 3/9*1*567?
3, 7
Let j(s) = 2*s**3 - 5*s**2 + 8*s - 7. What are the prime factors of j(5)?
2, 7